e p(6).
-30
Let l(b) = 11406*b + 1. Calculate l(0).
1
Let q(b) = b**3 + 124*b**2 + 1245*b + 11. Determine q(-113).
-215
Let f(b) = b**2 + 878*b - 1017356. What is f(661)?
-77
Let x(r) = -r**3 - 267*r**2 + 3664*r + 7155. What is x(-280)?
435
Let s(b) = 2620*b + 52391. Calculate s(-20).
-9
Let t(p) = 78180*p - 2423577. Determine t(31).
3
Let d(f) = 2*f**2 + 366*f + 1169. Determine d(-180).
89
Let v(c) = -1195*c - 47862. Determine v(-40).
-62
Let f(a) = -2510*a + 17556. What is f(7)?
-14
Let l(n) = 184*n**2 - 484*n - 197. Determine l(3).
7
Let j(i) = -i**2 - 102*i + 51. Calculate j(-18).
1563
Let v(j) = -14464*j + 477446. Give v(33).
134
Let b(z) = 2*z**3 + 347*z**2 + 575*z + 10325. Determine b(-172).
177
Let h(x) = x**3 - 15*x**2 - 118*x + 1421. Give h(20).
1061
Let s(r) = -22*r**2 - 7850*r - 7852. Give s(-1).
-24
Let m(w) = -351*w + 2275. Calculate m(5).
520
Let m(f) = -f**3 - 18*f**2 + 93*f + 269. Give m(-2).
19
Let t(y) = 837*y - 213239. What is t(255)?
196
Let k(y) = 136*y + 26207. Determine k(-193).
-41
Let d(z) = -z**3 + 43*z**2 - 100*z - 801. Calculate d(40).
-1
Let t(a) = -a**2 - 181*a + 28079. What is t(100)?
-21
Let k(w) = -4*w**2 - 439*w + 658. What is k(-115)?
-1757
Let h(k) = -172069*k - 4. What is h(0)?
-4
Let c(k) = 2*k**3 - 138*k**2 - 76*k + 5249. Calculate c(69).
5
Let c(r) = -1771*r - 65480. Give c(-37).
47
Let o(l) = -l**2 + 881*l - 96388. What is o(128)?
-4
Let a(j) = 2*j**2 + 89*j - 2434. Give a(-64).
62
Let f(s) = 734*s**3 + 13223*s**2 + 193*s - 82. Determine f(-18).
8
Let f(l) = -203*l - 369. Determine f(-2).
37
Let b(q) = 237*q**2 + 1266*q + 102. Give b(-6).
1038
Let h(m) = 447487*m + 2684929. What is h(-6)?
7
Let r(i) = 8*i**3 + 182*i**2 + 1061*i + 25509. Determine r(-23).
48
Let q(m) = 181*m**2 + 2579*m - 51. Give q(-14).
-681
Let r(l) = -822*l - 19920. Calculate r(-24).
-192
Let z(a) = 3195*a + 21704. What is z(-7)?
-661
Let c(t) = -13*t**2 + 237*t - 533. Calculate c(22).
-1611
Let w(c) = -3959*c**2 + 19567*c + 11. Determine w(5).
-1129
Let u(p) = -128*p - 34971. Give u(-273).
-27
Let y(m) = -2*m**3 + 11*m**2 + 16*m - 80. Determine y(3).
13
Let n(o) = -2897*o**2 - 14473*o + 59. Give n(-5).
-1
Let k(c) = 14*c**3 + 2*c**2 - 3725*c + 3718. Calculate k(1).
9
Let y(c) = -6*c**3 + 2*c**2 + 20*c - 150. Determine y(0).
-150
Let q(v) = 3*v**3 - 13*v**2 - 22*v + 315. What is q(7)?
553
Let a(l) = 5*l**2 + 410*l - 5945. What is a(-94)?
-305
Let s(d) = 5*d**2 + 96896*d - 96897. What is s(1)?
4
Let h(n) = -291*n**2 - 997*n - 2. Give h(-2).
828
Let z(b) = 717*b + 133734. What is z(-184)?
1806
Let r(m) = 7320*m - 168087. What is r(23)?
273
Let h(k) = k**3 - 32*k**2 + 223*k + 41. Give h(17).
-503
Let u(y) = -y**2 + 287*y - 3827. What is u(14)?
-5
Let d(s) = -s**2 - 408*s - 28139. Give d(-319).
252
Let a(q) = -q**3 - 995*q**2 + 21345*q - 180. Give a(21).
9
Let b(a) = a**3 - 17*a**2 - 598*a + 6273. What is b(30)?
33
Let x(v) = -2*v**3 + 266*v**2 - 783*v + 11. Determine x(3).
2
Let l(x) = 6*x**2 + 8*x + 28. Give l(-8).
348
Let z(r) = -178*r**2 + 18675*r + 1593. Calculate z(105).
18
Let p(i) = 3*i**3 - 33*i**2 + 50*i + 37. What is p(12)?
1069
Let b(j) = 495*j + 40643. Calculate b(-83).
-442
Let x(g) = 2221*g + 295633. What is x(-133)?
240
Let o(i) = 15*i - 892. Calculate o(26).
-502
Let v(l) = -18231*l + 2534169. What is v(139)?
60
Let y(l) = -3*l**2 + 89*l + 23719. Give y(105).
-11
Let d(x) = -x**3 + 40*x**2 + 57*x - 2208. Determine d(40).
72
Let g(l) = -l**3 + 67*l**2 - 75493*l + 4978183. Calculate g(66).
1
Let y(q) = 747*q - 35167. Calculate y(47).
-58
Let t(r) = 13100*r + 1493365. Determine t(-114).
-35
Let p(k) = -901*k**2 - 845*k + 59. Calculate p(-1).
3
Let v(j) = j**3 + 8*j**2 + 5*j + 80. Give v(-8).
40
Let p(a) = 2*a**3 - 117*a**2 + 273*a + 86. Give p(56).
-306
Let p(s) = -5*s**2 + 61*s + 52. Determine p(-1).
-14
Let l(d) = 13*d**2 + 17023*d - 250240. Determine l(-1324).
-4
Let o(h) = -18906*h + 2230891. Give o(118).
-17
Let b(f) = 608*f - 11955. Calculate b(17).
-1619
Let u(s) = 28*s**2 + 15922*s + 63252. Calculate u(-4).
12
Let z(b) = b**3 + 37*b**2 + 363*b + 1. Give z(-20).
-459
Let p(q) = 23537*q - 23508. What is p(1)?
29
Let p(z) = -8691*z - 208634. What is p(-24)?
-50
Let h(c) = -426*c - 6458. Determine h(-15).
-68
Let i(d) = 6*d - 593. Determine i(-91).
-1139
Let j(y) = -145295*y - 2905937. Determine j(-20).
-37
Let j(g) = -g**2 - 13810*g + 165751. What is j(12)?
-113
Let p(d) = 704422*d + 1408851. Give p(-2).
7
Let m(h) = -h**3 - 35*h**2 + 287*h - 254. What is m(8)?
-710
Let q(h) = -2*h**3 - 69*h**2 - 107*h - 2273. Determine q(-34).
209
Let t(g) = -g**3 + 47*g**2 - 41*g - 1581. Calculate t(44).
2423
Let d(v) = -54*v - 2018. Give d(6).
-2342
Let q(h) = -h**3 - 73*h**2 + 1183*h - 3067. Calculate q(-87).
-22
Let n(i) = 197838*i - 2176245. Calculate n(11).
-27
Let z(b) = -407917*b + 52213381. Calculate z(128).
5
Let w(c) = 4*c**3 + 18*c**2 + 14*c - 54. Give w(-7).
-642
Let i(k) = k**3 - 4*k**2 + 23*k + 951. Calculate i(-8).
-1
Let u(h) = h**3 - 317*h**2 - 6037*h + 2350. Determine u(335).
5
Let z(t) = 42*t**2 - 1645*t + 15600. Calculate z(23).
-17
Let n(t) = 7*t**2 - 5*t - 2634. What is n(-19)?
-12
Let m(n) = -14793*n + 148421. What is m(10)?
491
Let s(x) = -206*x + 9053. Give s(44).
-11
Let u(w) = 161*w + 27498. Give u(-166).
772
Let d(b) = 15*b**2 - 42988*b + 128968. Determine d(3).
139
Let s(i) = 165*i + 510. What is s(-3)?
15
Let n(d) = -581*d - 26971. What is n(-46)?
-245
Let f(s) = -s**2 - 71*s - 846. Calculate f(-45).
324
Let x(u) = -112*u - 4133. Determine x(-26).
-1221
Let v(g) = 2*g**3 - 11*g**2 - 6895*g - 285. Determine v(-56).
107
Let h(z) = 11273*z - 608739. Give h(54).
3
Let i(b) = 3277*b - 406338. Give i(124).
10
Let n(s) = 335687*s - 3356862. Determine n(10).
8
Let g(c) = c**3 + 35*c**2 - 89*c - 1043. Calculate g(-37).
-488
Let b(f) = -1201*f + 32335. What is b(27)?
-92
Let h(f) = 70254*f - 632275. Calculate h(9).
11
Let m(x) = -2*x**2 + 123*x + 3905. Give m(80).
945
Let w(z) = z**2 - 134*z - 19806. Calculate w(-88).
-270
Let c(v) = 9351*v - 121580. Calculate c(13).
-17
Let q(i) = 130*i**2 - 370*i - 64. Give q(3).
-4
Let p(z) = z**3 + 40*z**2 + 264*z + 15. Determine p(-6).
-345
Let r(p) = -p**3 + 11*p**2 - 380*p + 1770. Determine r(5).
20
Let t(f) = f**3 + 181*f**2 + 8167*f - 352. Give t(-95).
-67
Let f(y) = -y**3 - 162*y**2 + 85*y + 13753. Calculate f(-162).
-17
Let i(j) = -j**3 + 100*j**2 + 69*j + 625. Calculate i(101).
-2607
Let a(t) = 74*t**2 - 692*t + 1487. Calculate a(6).
-1
Let k(a) = 796425*a - 6371382. Give k(8).
18
Let c(z) = -3*z**2 + 482*z + 1264. Determine c(161).
1103
Let y(i) = -665*i - 4501. Determine y(-7).
154
Let s(g) = -9*g**3 - 103*g**2 + 4159*g - 358. Give s(-28).
6
Let c(r) = 3*r**2 + 25246*r + 754703. Calculate c(-30).
23
Let r(w) = -2*w**3 - 228*w**2 + 225*w - 772. What is r(-115)?
-197
Let q(f) = 31*f**2 + 43055*f - 43073. Give q(1).
13
Let b(p) = 6*p**2 + 2560*p + 25176. Calculate b(-10).
176
Let x(r) = 106155*r - 65709940. Determine x(619).
5
Let n(q) = -7041*q**2 + 28187*q - 29. Give n(4).
63
Let u(y) = -2*y**3 - 3*y**2 + 183*y - 504. Give u(3).
-36
Let a(x) = -39*x**2 + 309*x - 1567. Calculate a(5).
-997
Let d(c) = 3087*c + 58779. Give d(-19).
126
Let b(d) = -d**3 + 37*d**2 - 7*d + 379. Give b(37).
120
Let y(m) = 668*m - 5118. What is y(6)?
-1110
Let t(f) = -352190*f + 4226261. Calculate t(12).
-19
Let q(l) = 18*l**2 + 8441*l - 17421. What is q(-471)?
6
Let h(t) = -3*t**3 - 3436*t**2 - 54206*t + 32. Calculate h(-16).
0
Let i(x) = -2*x**3 + 56*x**2 + 1776*x - 49750. Give i(28).
-22
Let h(v) = -8943*v + 2656085. What is h(297)?
14
Let j(x) = -10*x**3 - 5*x**2 + 62*x + 226. Give j(-4).
538
Let b(r) = 6147*r - 43050. Determine b(7).
-21
Let k(r) = -23*r**2 - 235*r + 11676. Give k(18).
-6
Let k(w) = w**3 + 16*w**2 - 246*w - 59. Determine k(9).
-248
Let h(l) = 139*l**2 - 50*l - 145. Determine h(-2).
511
Let r(k) = -3*k**2 - 1257*k + 33218. Calculate r(25).
-82
Let x(p) = -2516*p - 32593. Give x(-13).
115
Let c(i) = 4*i**2 + 160*i + 481. What is c(-3)?
37
Let v(u) = 4174*u - 15929. Calculate v(4).
767
Let w(h) = -2*h**2 - 4357*h - 2302067. Give w(-901).
-12
Let v(m) = -34*m - 2436. Calculate v(-52).
-668
Let m(z) = 2*z**3 - 121*z**2 + 178*z - 41. Give m(59).
18
Let x(s) = -798*s - 760